{"id":83,"date":"2011-10-10T21:13:11","date_gmt":"2011-10-10T21:13:11","guid":{"rendered":"http:\/\/www.signosis.openworks.gr\/wastereuse\/?page_id=83"},"modified":"2015-04-17T17:22:00","modified_gmt":"2015-04-17T17:22:00","slug":"ce-r-s-a-a-%e2%80%93-centro-regionale-di-sperimentazione-e-assistenza-agricola","status":"publish","type":"page","link":"https:\/\/fr.wastereuse.eu\/?page_id=83","title":{"rendered":"Centre D\u2019experimentation Et D\u2019assistance Technique"},"content":{"rendered":"<p><strong>Centro Regionale di Sperimentazione e Assistenza Agricola (CERSAA)<\/strong><\/p>\n<p><em>Regione Rollo 98, 17031 Albenga (SV), Italy, <a href=\"http:\/\/www.cersaa.it\" target=\"_blank\">http:\/\/www.cersaa.it<\/a><\/em><\/p>\n<p><em>Dr. Fedrico Tinivella ,e-mail:Federico.tinivella@alice.it<\/em><\/p>\n<p><a href=\"http:\/\/www.wastereuse.eu\/wp-content\/uploads\/2011\/10\/ccs.jpg\"><img decoding=\"async\" loading=\"lazy\" class=\"alignleft size-medium wp-image-121\" title=\"ccs\" alt=\"\" src=\"http:\/\/www.wastereuse.eu\/wp-content\/uploads\/2011\/10\/ccs-300x82.jpg\" width=\"300\" height=\"82\" srcset=\"https:\/\/fr.wastereuse.eu\/wp-content\/uploads\/2011\/10\/ccs-300x82.jpg 300w, https:\/\/fr.wastereuse.eu\/wp-content\/uploads\/2011\/10\/ccs-1024x280.jpg 1024w, https:\/\/fr.wastereuse.eu\/wp-content\/uploads\/2011\/10\/ccs.jpg 1781w\" sizes=\"(max-width: 300px) 100vw, 300px\" \/><\/a>Le Centre R\u00e9gional d\u2019Exp\u00e9rimentation et\u00a0 d\u2019Assistance Technique est un service sp\u00e9cialis\u00e9 de la Chambre de commerce, d\u2019industrie, d\u2019artisanat et d\u2019agriculture de Savone, en Italie. Il poss\u00e8de des serres, des constructions en plastique et des parcelles d\u2019exp\u00e9rimentation, couvrant une surface de 40.000m<sup>2<\/sup>, o\u00f9 sont effectu\u00e9s des essais, des exp\u00e9rimentations et des d\u00e9monstrations. Il dispose \u00e9galement de deux laboratoires o\u00f9 sont men\u00e9es des recherches dans le domaine de la phytopathologie, de l\u2019analyse de r\u00e9sidus de pesticides et d\u2019agents infectieux pour les aliments, de la pollution des sols, des eaux et de l\u2019air. Le Centre participe activement \u00e0 des exp\u00e9rimentations et des actions de d\u00e9monstration et de formation financ\u00e9es sur fonds publics et concernant les strat\u00e9gies de contr\u00f4le des agents pathog\u00e8nes dans le respect de l\u2019environnement, les techniques de r\u00e9habilitation du sol, la gestion et le contr\u00f4le des maladies des plantes comestibles et ornementales, le recyclage de l\u2019eau, les pratiques de cultures hydroponiques (hors sol), l\u2019usage rationnel des engrais, l\u2019\u00e9valuation des nouvelles esp\u00e8ces ou de vari\u00e9t\u00e9s florales, et l\u2019\u00e9valuation de techniques de r\u00e9colte de fruits et l\u00e9gumes (olivier, arbres fruitiers, vigne).<\/p>\n<p><a href=\"http:\/\/iframewidth=560height=315src=https:\/\/www.youtube.com\/embed\/2jQTz4JUYJoframeborder=0allowfullscreen\/iframe\"><iframe loading=\"lazy\" src=\"https:\/\/www.youtube.com\/embed\/2jQTz4JUYJo\" height=\"315\" width=\"560\" allowfullscreen=\"\" frameborder=\"0\"><\/iframe><\/a>A travers ses collaborations nationales et internationales, le Centre a r\u00e9cemment \u00e9tendu ses domaines d\u2019expertise aux sources d\u2019\u00e9nergie renouvelables.<\/p>\n<p>Depuis 2006, le CERSAA est, pour toute la Ligurie, responsable du contr\u00f4le des oliveraies et de la production d\u2019huile d\u2019olive, du contr\u00f4le de la r\u00e9colte et du conditionnement de l\u2019huile \u00e0 appellation d\u2019origine contr\u00f4l\u00e9e qui y est produite, ainsi que du contr\u00f4le des huileries tout le long du processus de production de l\u2019huile d\u2019olive.<\/p>\n<p>Dans le cadre du projet WasteReuse, le Centre est charg\u00e9 du d\u00e9veloppement de pratiques culturales alternatives et de la r\u00e9alisation d\u2019une s\u00e9rie d\u2019exp\u00e9rimentations en laboratoire en collaboration\u00a0 avec le Laboratorio Chimico CCIAA, de la d\u00e9monstration pilote de cultures de l\u00e9gumes en plein air et de cultures de plantes aromatiques sous serre.<\/p>\n","protected":false},"excerpt":{"rendered":"<p>Centro Regionale di Sperimentazione e Assistenza Agricola (CERSAA) Regione Rollo 98, 17031 Albenga (SV), Italy, http:\/\/www.cersaa.it Dr. Fedrico Tinivella ,e-mail:Federico.tinivella@alice.it Le Centre R\u00e9gional d\u2019Exp\u00e9rimentation et\u00a0 d\u2019Assistance Technique est un service sp\u00e9cialis\u00e9 de la Chambre de commerce, d\u2019industrie, d\u2019artisanat et d\u2019agriculture de Savone, en Italie. Il poss\u00e8de des serres, des constructions en plastique et des parcelles [&hellip;]<\/p>\n","protected":false},"author":1,"featured_media":0,"parent":24,"menu_order":0,"comment_status":"open","ping_status":"open","template":"","meta":[],"_links":{"self":[{"href":"https:\/\/fr.wastereuse.eu\/index.php?rest_route=\/wp\/v2\/pages\/83"}],"collection":[{"href":"https:\/\/fr.wastereuse.eu\/index.php?rest_route=\/wp\/v2\/pages"}],"about":[{"href":"https:\/\/fr.wastereuse.eu\/index.php?rest_route=\/wp\/v2\/types\/page"}],"author":[{"embeddable":true,"href":"https:\/\/fr.wastereuse.eu\/index.php?rest_route=\/wp\/v2\/users\/1"}],"replies":[{"embeddable":true,"href":"https:\/\/fr.wastereuse.eu\/index.php?rest_route=%2Fwp%2Fv2%2Fcomments&post=83"}],"version-history":[{"count":8,"href":"https:\/\/fr.wastereuse.eu\/index.php?rest_route=\/wp\/v2\/pages\/83\/revisions"}],"predecessor-version":[{"id":364,"href":"https:\/\/fr.wastereuse.eu\/index.php?rest_route=\/wp\/v2\/pages\/83\/revisions\/364"}],"up":[{"embeddable":true,"href":"https:\/\/fr.wastereuse.eu\/index.php?rest_route=\/wp\/v2\/pages\/24"}],"wp:attachment":[{"href":"https:\/\/fr.wastereuse.eu\/index.php?rest_route=%2Fwp%2Fv2%2Fmedia&parent=83"}],"curies":[{"name":"wp","href":"https:\/\/api.w.org\/{rel}","templated":true}]}}