{"id":32,"date":"2011-09-26T22:53:17","date_gmt":"2011-09-26T22:53:17","guid":{"rendered":"http:\/\/www.signosis.openworks.gr\/wastereuse\/?page_id=32"},"modified":"2012-02-29T11:47:56","modified_gmt":"2012-02-29T11:47:56","slug":"objectives","status":"publish","type":"page","link":"https:\/\/fr.wastereuse.eu\/?page_id=32","title":{"rendered":"Objectifs"},"content":{"rendered":"<ul>\n<li>Evaluer l\u2019aptitude \u00e0 l\u2019emploi dans l\u2019agriculture (irrigation et fertilisation) de technologies traditionnelles et innovantes de traitement des d\u00e9chets agricoles<\/li>\n<li>D\u00e9velopper des Pratiques Culturales Alternatives* pour les esp\u00e8ces v\u00e9g\u00e9tales largement cultiv\u00e9es en M\u00e9diterran\u00e9e (p.ex. l\u00e9gumes) et exigeantes en eau, avec recyclage des \u00e9l\u00e9ments nutritifs et des effluents des d\u00e9chets agricoles, apr\u00e8s identification et d\u00e9veloppement de pratiques optimales d\u2019\u00e9pandage des d\u00e9chets sur des terres de cultures principales \u00e0 haute valeur commerciale, afin d\u2019optimiser le rendement et de r\u00e9duire au minimum l\u2019impact sur l\u2019environnement.<\/li>\n<li>Pr\u00e9server la qualit\u00e9 des sols lors de l\u2019\u00e9limination de d\u00e9chets agricoles trait\u00e9s ou non trait\u00e9s, en d\u00e9veloppant et en mettant en place des pratiques culturales adapt\u00e9es aux sols des pays m\u00e9diterran\u00e9ens.<\/li>\n<li>R\u00e9duire l\u2019empreinte carbone en optant pour le recyclage des d\u00e9chets agricoles et la minimisation de l\u2019usage d\u2019engrais. Prot\u00e9ger les ressources naturelles (p.ex. sol, eau, min\u00e9raux phosphat\u00e9s) contre l\u2019usage excessif et l\u2019\u00e9limination incontr\u00f4l\u00e9e des d\u00e9chets.<\/li>\n<li>Accro\u00eetre la comp\u00e9titivit\u00e9 des produits agricoles m\u00e9diterran\u00e9ens en r\u00e9duisant \u00a0les intrants \u00e0 la production agricole (eau d\u2019irrigation et engrais).<\/li>\n<\/ul>\n<p>* <em>Pratiques Culturales Alternatives \u2013 PCA <\/em>: les \u00e9quipes scientifiques du projet vont d\u00e9velopper des pratiques culturales sp\u00e9cifiques, impliquant l\u2019usage de d\u00e9chets agricoles trait\u00e9s ou non trait\u00e9s pour chaque esp\u00e8ce v\u00e9g\u00e9tale qui sera cultiv\u00e9e tout au long du projet. A ce jour, seules des lignes directrices sur l\u2019utilisation des d\u00e9chets agricoles en agriculture ont \u00e9t\u00e9 \u00e9tablies (p.ex. par la FAO &#8211; \u00abDirectives sur l\u2019utilisation des eaux us\u00e9es pour l\u2019irrigation\u00bb). Cependant, en fonction de leur diversit\u00e9 et des conditions climatiques, les cultures et les sols exigent des doses diff\u00e9renti\u00e9es des \u00e9l\u00e9ments nutritifs et d\u2019eau d\u2019irrigation, ce qui sera pris en compte lors de l\u2019\u00e9laboration des PCA, \u00e0 savoir les exigences sp\u00e9cifiques des v\u00e9g\u00e9taux qui poussent dans des conditions p\u00e9do-climatiques particuli\u00e8res. Pour atteindre cet objectif avec une forte probabilit\u00e9 d\u2019adoption par les agriculteurs dans leurs pratiques culturales, les \u00e9quipes scientifiques du projet proposeront des directives sp\u00e9cifiques sur la mani\u00e8re de contr\u00f4ler la pertinence de chaque type de d\u00e9chet avant son utilisation dans l\u2019agriculture, et d\u00e9velopperont ensuite des pratiques culturales sp\u00e9cifiques (ce qu\u2019il convient \u00e0 chaque fois d\u2019examiner, de tester, de mesurer et d\u2019\u00e9valuer).<\/p>\n<p><strong>Actions envisag\u00e9es<\/strong><\/p>\n<p>Afin de r\u00e9aliser les objectifs du projet, il est pr\u00e9vu de r\u00e9aliser les actions suivantes\u00a0:<\/p>\n<ul>\n<li>Dresser une liste des technologies li\u00e9es au traitement des d\u00e9chets agricoles et \u00e0 leur application dans l\u2019agriculture, et d\u00e9velopp\u00e9es \u00e0 ce jour dans le cadre de programmes financ\u00e9s par l\u2019Union europ\u00e9enne et par d\u2019autres sources de financement au niveau mondial, europ\u00e9en, national et r\u00e9gional. Classification des technologies en fonction de leur stade de d\u00e9veloppement (\u00e9chelle du laboratoire, \u00e9chelle pilote, application \u00e0 \u00e9chelle r\u00e9elle).<\/li>\n<li>Evaluation des d\u00e9chets trait\u00e9s r\u00e9sultant des technologies ci-dessus en termes d\u2019aptitude \u00e0 l\u2019irrigation et \u00e0 la fertilisation de cultures qui soient exigeantes en eau et qui ont une valeur commerciale consid\u00e9rable pour les pays m\u00e9diterran\u00e9ens.<\/li>\n<li>Collecte de d\u00e9chets agricoles trait\u00e9s ou non trait\u00e9s g\u00e9n\u00e9r\u00e9s en Espagne et en Italie, et identification de leurs propri\u00e9t\u00e9s physiques et chimiques. Evaluation pr\u00e9liminaire de leur aptitude \u00e0 satisfaire aux exigences de l\u2019agriculture intensive.<\/li>\n<li>Evaluation des pratiques d\u2019application des d\u00e9chets trait\u00e9s (liquides, solides, composts) sur des terres agricoles en tenant compte des besoins sp\u00e9cifiques en intrants des cultures.<\/li>\n<li>M\u00e9thodes de modification probable des propri\u00e9t\u00e9s physiques et chimiques des d\u00e9chets, afin de les rendre aptes \u00e0 satisfaire aux exigences en \u00e9l\u00e9ments nutritifs et en eau des cultures de plein air et des cultures sous serre.<\/li>\n<li>Evaluation des effets li\u00e9s \u00e0 l\u2019utilisation des d\u00e9chets sur la qualit\u00e9 du sol, en proc\u00e9dant \u00e0 la r\u00e9alisation d\u2019exp\u00e9riences sp\u00e9cialement con\u00e7ues pour diff\u00e9rents types de sols.<\/li>\n<li>D\u00e9veloppement de pratiques culturales alternatives adapt\u00e9es aux cultures exigeantes en eau et de grande valeur commerciale, en utilisant des d\u00e9chets trait\u00e9s (et \u00e9ventuellement non trait\u00e9s) comme source de nutriments et d\u2019eau.<\/li>\n<li>Des actions de d\u00e9monstration d\u00e9ploy\u00e9es dans quatre r\u00e9gions pilotes, deux en Espagne et deux en Italie, en vue d\u2019appliquer des pratiques agricoles ad\u00e9quates sur des cultures en plein air et sous serre. Des l\u00e9gumes, des c\u00e9r\u00e9ales et des plantes ornementales seront cultiv\u00e9es dans ces r\u00e9gions \u00a0pilotes.<\/li>\n<li>Des pr\u00e9l\u00e8vements d\u2019\u00e9chantillons et des analyses d\u2019\u00e9chantillons de sol et de tissus v\u00e9g\u00e9taux seront r\u00e9guli\u00e8rement effectu\u00e9s dans le but d\u2019\u00e9valuer le degr\u00e9 de phytotoxicit\u00e9 des d\u00e9chets et les effets sur la qualit\u00e9 du sol.<\/li>\n<li>Suivi p\u00e9riodique des indicateurs de croissance des plantes, des param\u00e8tres de qualit\u00e9 du sol et des intrants, afin d\u2019\u00e9valuer le degr\u00e9 de croissance des plantes, le rendement, la consommation d\u2019eau et de nutriments, le degr\u00e9 de d\u00e9gradation du sol et l\u2019impact des param\u00e8tres des pratiques mises en place.<\/li>\n<li>Identification de la capacit\u00e9 des divers types de sol \u00e0 s\u00e9questrer et \u00e0 transf\u00e9rer aux v\u00e9g\u00e9taux des \u00e9l\u00e9ments nutritifs.<\/li>\n<li>Analyse du Cycle de Vie (Life Cycle Analysis) pour tous les proc\u00e9d\u00e9s mis en place dans les zones pilotes en Espagne et en Italie, en fonction de la consommation de mati\u00e8res premi\u00e8res, de la consommation d\u2019\u00e9nergie et des \u00e9missions g\u00e9n\u00e9r\u00e9es.<\/li>\n<li>Analyse des Risques (Risk Analysis) pour \u00e9valuer les effets des pratiques propos\u00e9es sur le sol et les eaux.<\/li>\n<li>Evaluation technico-\u00e9conomique et environnementale des pratiques et proc\u00e9d\u00e9s mises en place tout au long du projet.<\/li>\n<li>Mise en place d\u2019un Code des Pratiques Optimales de Gestion des D\u00e9chets Agricoles \u00e0 \u00a0des fins agricoles.<\/li>\n<li>Analyse approfondie et comparaison des cadres juridiques aff\u00e9rents au niveau \u00a0europ\u00e9en et national.<\/li>\n<li>Elaboration d\u2019un ensemble d\u2019actions, de mesures et d\u2019outils \u00e0 mettre en place dans les pays m\u00e9diterran\u00e9ens par les acteurs charg\u00e9s de l\u2019\u00e9laboration d\u2019une politique nationale, en conformit\u00e9 avec les exigences de la l\u00e9gislation europ\u00e9enne.<\/li>\n<li>Propositions l\u00e9gislatives portant sur la politique de r\u00e9utilisation des d\u00e9chets agricoles.<\/li>\n<li>Large diffusion des r\u00e9sultats et des r\u00e9alisations du projet \u00e0 travers le site Internet du projet, des publications, des s\u00e9minaires de formation, des visites sur place des sites de d\u00e9monstration, des colloques, des publications scientifiques, etc.<\/li>\n<li>Rencontres avec les responsables d\u2019instances de prise de d\u00e9cisions, nationales et europ\u00e9ennes, afin de leur pr\u00e9senter les r\u00e9alisations du projet.<\/li>\n<li>Mise en place d\u2019un r\u00e9seau d\u2019acteurs scientifiques\/chercheurs, de repr\u00e9sentants de l\u2019industrie et du commerce et de d\u00e9cideurs politiques. Communication r\u00e9guli\u00e8re entre les membres de ce r\u00e9seau.<\/li>\n<li>Elaboration d\u2019un plan de diffusion des r\u00e9sultats du projet apr\u00e8s sa fin \u00a0(After LIFE communication plan).<strong> <\/strong><\/li>\n<\/ul>\n","protected":false},"excerpt":{"rendered":"<p>Evaluer l\u2019aptitude \u00e0 l\u2019emploi dans l\u2019agriculture (irrigation et fertilisation) de technologies traditionnelles et innovantes de traitement des d\u00e9chets agricoles D\u00e9velopper des Pratiques Culturales Alternatives* pour les esp\u00e8ces v\u00e9g\u00e9tales largement cultiv\u00e9es en M\u00e9diterran\u00e9e (p.ex. l\u00e9gumes) et exigeantes en eau, avec recyclage des \u00e9l\u00e9ments nutritifs et des effluents des d\u00e9chets agricoles, apr\u00e8s identification et d\u00e9veloppement de pratiques [&hellip;]<\/p>\n","protected":false},"author":1,"featured_media":0,"parent":2,"menu_order":0,"comment_status":"open","ping_status":"open","template":"","meta":[],"_links":{"self":[{"href":"https:\/\/fr.wastereuse.eu\/index.php?rest_route=\/wp\/v2\/pages\/32"}],"collection":[{"href":"https:\/\/fr.wastereuse.eu\/index.php?rest_route=\/wp\/v2\/pages"}],"about":[{"href":"https:\/\/fr.wastereuse.eu\/index.php?rest_route=\/wp\/v2\/types\/page"}],"author":[{"embeddable":true,"href":"https:\/\/fr.wastereuse.eu\/index.php?rest_route=\/wp\/v2\/users\/1"}],"replies":[{"embeddable":true,"href":"https:\/\/fr.wastereuse.eu\/index.php?rest_route=%2Fwp%2Fv2%2Fcomments&post=32"}],"version-history":[{"count":5,"href":"https:\/\/fr.wastereuse.eu\/index.php?rest_route=\/wp\/v2\/pages\/32\/revisions"}],"predecessor-version":[{"id":70,"href":"https:\/\/fr.wastereuse.eu\/index.php?rest_route=\/wp\/v2\/pages\/32\/revisions\/70"}],"up":[{"embeddable":true,"href":"https:\/\/fr.wastereuse.eu\/index.php?rest_route=\/wp\/v2\/pages\/2"}],"wp:attachment":[{"href":"https:\/\/fr.wastereuse.eu\/index.php?rest_route=%2Fwp%2Fv2%2Fmedia&parent=32"}],"curies":[{"name":"wp","href":"https:\/\/api.w.org\/{rel}","templated":true}]}}