{"id":141,"date":"2011-11-18T01:56:45","date_gmt":"2011-11-18T01:56:45","guid":{"rendered":"http:\/\/www.signosis.openworks.gr\/wastereuse\/?page_id=141"},"modified":"2013-09-29T22:24:19","modified_gmt":"2013-09-29T22:24:19","slug":"action-7-lca-and-risk-analysis","status":"publish","type":"page","link":"https:\/\/fr.wastereuse.eu\/?page_id=141","title":{"rendered":"ACTION 7 : analyse du Cycle de Vie et Analyse de Risques"},"content":{"rendered":"<p>Entit\u00e9 charg\u00e9 de la mise en \u0153uvre : <span style=\"text-decoration: underline;\">Ecole Polytechnique de Cr\u00e8te<\/span><\/p>\n<p>L\u2019action durera 34 mois, au cours desquels sera r\u00e9alis\u00e9e une Analyse compl\u00e8te du Cycle de Vie, en termes de consommation des mati\u00e8res premi\u00e8res, d\u2019\u00e9nergie et d\u2019\u00e9missions lib\u00e9r\u00e9es, ainsi qu\u2019une Analyse de Risques portant notamment sur la phytotoxicit\u00e9 et le potentiel d\u2019engendrer des changements quantitatifs et qualitatifs du sol et de l\u2019eau, tenant compte des r\u00e9sultats des actions 3-6.<\/p>\n","protected":false},"excerpt":{"rendered":"<p>Entit\u00e9 charg\u00e9 de la mise en \u0153uvre : Ecole Polytechnique de Cr\u00e8te L\u2019action durera 34 mois, au cours desquels sera r\u00e9alis\u00e9e une Analyse compl\u00e8te du Cycle de Vie, en termes de consommation des mati\u00e8res premi\u00e8res, d\u2019\u00e9nergie et d\u2019\u00e9missions lib\u00e9r\u00e9es, ainsi qu\u2019une Analyse de Risques portant notamment sur la phytotoxicit\u00e9 et le potentiel d\u2019engendrer des changements [&hellip;]<\/p>\n","protected":false},"author":1,"featured_media":0,"parent":35,"menu_order":0,"comment_status":"open","ping_status":"closed","template":"","meta":[],"_links":{"self":[{"href":"https:\/\/fr.wastereuse.eu\/index.php?rest_route=\/wp\/v2\/pages\/141"}],"collection":[{"href":"https:\/\/fr.wastereuse.eu\/index.php?rest_route=\/wp\/v2\/pages"}],"about":[{"href":"https:\/\/fr.wastereuse.eu\/index.php?rest_route=\/wp\/v2\/types\/page"}],"author":[{"embeddable":true,"href":"https:\/\/fr.wastereuse.eu\/index.php?rest_route=\/wp\/v2\/users\/1"}],"replies":[{"embeddable":true,"href":"https:\/\/fr.wastereuse.eu\/index.php?rest_route=%2Fwp%2Fv2%2Fcomments&post=141"}],"version-history":[{"count":5,"href":"https:\/\/fr.wastereuse.eu\/index.php?rest_route=\/wp\/v2\/pages\/141\/revisions"}],"predecessor-version":[{"id":328,"href":"https:\/\/fr.wastereuse.eu\/index.php?rest_route=\/wp\/v2\/pages\/141\/revisions\/328"}],"up":[{"embeddable":true,"href":"https:\/\/fr.wastereuse.eu\/index.php?rest_route=\/wp\/v2\/pages\/35"}],"wp:attachment":[{"href":"https:\/\/fr.wastereuse.eu\/index.php?rest_route=%2Fwp%2Fv2%2Fmedia&parent=141"}],"curies":[{"name":"wp","href":"https:\/\/api.w.org\/{rel}","templated":true}]}}