{"id":139,"date":"2011-11-18T01:55:43","date_gmt":"2011-11-18T01:55:43","guid":{"rendered":"http:\/\/www.signosis.openworks.gr\/wastereuse\/?page_id=139"},"modified":"2013-09-29T22:23:59","modified_gmt":"2013-09-29T22:23:59","slug":"action-5-demonstration-%e2%80%93-spain","status":"publish","type":"page","link":"https:\/\/fr.wastereuse.eu\/?page_id=139","title":{"rendered":"ACTION 5 : d\u00e9monstration pilote \u2013 Espagne"},"content":{"rendered":"<p>Entit\u00e9 charg\u00e9e de la mise en \u0153uvre: <span style=\"text-decoration: underline;\">Centro de Edafolog\u00eda y Biolog\u00eda Aplicada del Segura (CEBAS)<\/span><\/p>\n<p>L\u2019action dure 2 ans et a pour but de faire une d\u00e9monstration pilote des pratiques culturales agricoles d\u00e9velopp\u00e9es dans le cadre des actions ci-dessus, en plein air et sous serre. Ces pratiques seront appliqu\u00e9es \u00e0 des esp\u00e8ces v\u00e9g\u00e9tales tr\u00e8s exigeantes en eau et d\u2019une grande valeur commerciale pour l\u2019Espagne. Plus particuli\u00e8rement, les actions suivantes devraient \u00eatre men\u00e9es dans les installations de l\u2019Institut CEBAS:<\/p>\n<ol>\n<li>Cultures de plein air, pour la culture de c\u00e9r\u00e9ales (orge et\/ou bl\u00e9 et\/ou ma\u00efs), et<\/li>\n<li>Cultures sous serre pour la culture de l\u00e9gumes (laitue, melon et\/ou tomate)<\/li>\n<\/ol>\n<p>Des \u00e9chantillons de tissus v\u00e9g\u00e9taux seront r\u00e9guli\u00e8rement pr\u00e9lev\u00e9s afin de suivre le degr\u00e9 de croissance des plantes, leur composition ainsi que les caract\u00e9ristiques qualitatives et quantitatives de la production. Des donn\u00e9es seront \u00e9galement collect\u00e9es sur la consommation d\u2019eau et de nutriments, sur le co\u00fbt de production et sur la qualit\u00e9 du sol.<\/p>\n","protected":false},"excerpt":{"rendered":"<p>Entit\u00e9 charg\u00e9e de la mise en \u0153uvre: Centro de Edafolog\u00eda y Biolog\u00eda Aplicada del Segura (CEBAS) L\u2019action dure 2 ans et a pour but de faire une d\u00e9monstration pilote des pratiques culturales agricoles d\u00e9velopp\u00e9es dans le cadre des actions ci-dessus, en plein air et sous serre. Ces pratiques seront appliqu\u00e9es \u00e0 des esp\u00e8ces v\u00e9g\u00e9tales tr\u00e8s [&hellip;]<\/p>\n","protected":false},"author":1,"featured_media":0,"parent":35,"menu_order":0,"comment_status":"open","ping_status":"closed","template":"","meta":[],"_links":{"self":[{"href":"https:\/\/fr.wastereuse.eu\/index.php?rest_route=\/wp\/v2\/pages\/139"}],"collection":[{"href":"https:\/\/fr.wastereuse.eu\/index.php?rest_route=\/wp\/v2\/pages"}],"about":[{"href":"https:\/\/fr.wastereuse.eu\/index.php?rest_route=\/wp\/v2\/types\/page"}],"author":[{"embeddable":true,"href":"https:\/\/fr.wastereuse.eu\/index.php?rest_route=\/wp\/v2\/users\/1"}],"replies":[{"embeddable":true,"href":"https:\/\/fr.wastereuse.eu\/index.php?rest_route=%2Fwp%2Fv2%2Fcomments&post=139"}],"version-history":[{"count":4,"href":"https:\/\/fr.wastereuse.eu\/index.php?rest_route=\/wp\/v2\/pages\/139\/revisions"}],"predecessor-version":[{"id":326,"href":"https:\/\/fr.wastereuse.eu\/index.php?rest_route=\/wp\/v2\/pages\/139\/revisions\/326"}],"up":[{"embeddable":true,"href":"https:\/\/fr.wastereuse.eu\/index.php?rest_route=\/wp\/v2\/pages\/35"}],"wp:attachment":[{"href":"https:\/\/fr.wastereuse.eu\/index.php?rest_route=%2Fwp%2Fv2%2Fmedia&parent=139"}],"curies":[{"name":"wp","href":"https:\/\/api.w.org\/{rel}","templated":true}]}}